{"id":6630,"date":"2025-02-11T10:13:10","date_gmt":"2025-02-11T10:13:10","guid":{"rendered":"https:\/\/gracious-williamson.54-36-183-106.plesk.page\/?page_id=6630"},"modified":"2025-02-11T16:06:52","modified_gmt":"2025-02-11T16:06:52","slug":"ballon-thermodynamique","status":"publish","type":"page","link":"https:\/\/pompeachaleur-tpc91.fr\/?page_id=6630","title":{"rendered":"Ballon Thermodynamique"},"content":{"rendered":"[vc_row type=\u00a0\u00bbfull_width_background\u00a0\u00bb full_screen_row_position=\u00a0\u00bbmiddle\u00a0\u00bb column_margin=\u00a0\u00bbdefault\u00a0\u00bb column_direction=\u00a0\u00bbdefault\u00a0\u00bb column_direction_tablet=\u00a0\u00bbdefault\u00a0\u00bb column_direction_phone=\u00a0\u00bbdefault\u00a0\u00bb scene_position=\u00a0\u00bbcenter\u00a0\u00bb top_padding=\u00a0\u00bb0%\u00a0\u00bb bottom_padding=\u00a0\u00bb0%\u00a0\u00bb text_color=\u00a0\u00bblight\u00a0\u00bb text_align=\u00a0\u00bbleft\u00a0\u00bb row_border_radius=\u00a0\u00bbnone\u00a0\u00bb row_border_radius_applies=\u00a0\u00bbbg\u00a0\u00bb overlay_strength=\u00a0\u00bb0.3&Prime; gradient_direction=\u00a0\u00bbleft_to_right\u00a0\u00bb shape_divider_position=\u00a0\u00bbbottom\u00a0\u00bb bg_image_animation=\u00a0\u00bbnone\u00a0\u00bb shape_type=\u00a0\u00bb\u00a0\u00bb][vc_column column_padding=\u00a0\u00bbno-extra-padding\u00a0\u00bb column_padding_tablet=\u00a0\u00bbinherit\u00a0\u00bb column_padding_phone=\u00a0\u00bbinherit\u00a0\u00bb column_padding_position=\u00a0\u00bball\u00a0\u00bb column_element_spacing=\u00a0\u00bbdefault\u00a0\u00bb background_color_opacity=\u00a0\u00bb1&Prime; background_hover_color_opacity=\u00a0\u00bb1&Prime; column_shadow=\u00a0\u00bbnone\u00a0\u00bb column_border_radius=\u00a0\u00bbnone\u00a0\u00bb column_link_target=\u00a0\u00bb_self\u00a0\u00bb gradient_direction=\u00a0\u00bbleft_to_right\u00a0\u00bb overlay_strength=\u00a0\u00bb0.3&Prime; width=\u00a0\u00bb1\/1&Prime; tablet_width_inherit=\u00a0\u00bbdefault\u00a0\u00bb tablet_text_alignment=\u00a0\u00bbdefault\u00a0\u00bb phone_text_alignment=\u00a0\u00bbdefault\u00a0\u00bb bg_image_animation=\u00a0\u00bbnone\u00a0\u00bb border_type=\u00a0\u00bbsimple\u00a0\u00bb column_border_width=\u00a0\u00bbnone\u00a0\u00bb column_border_style=\u00a0\u00bbsolid\u00a0\u00bb]<style type=\"text\/css\">@media only screen and (min-width: 1300px) { #nectar-slider-instance-1, #nectar-slider-instance-1 .swiper-container { height: 650px; }  } @media only screen and (max-width: 1299px) { #nectar-slider-instance-1, #nectar-slider-instance-1 .swiper-container { height: 541.66666666667px; }  } @media only screen and (max-width: 1000px) { #nectar-slider-instance-1, #nectar-slider-instance-1 .swiper-container { height: 464.28571428571px; }  } @media only screen and (max-width: 690px) { #nectar-slider-instance-1, #nectar-slider-instance-1 .swiper-container { height: 240.74074074074px; }  } <\/style><div  data-transition=\"slide\" data-overall_style=\"classic\" data-flexible-height=\"\" data-animate-in-effect=\"zoom-out\" data-fullscreen=\"false\" data-button-sizing=\"regular\" data-button-styling=\"btn_with_count\" data-autorotate=\"\" data-parallax=\"false\" data-parallax-disable-mobile=\"\" data-caption-trans=\"fade_in_from_bottom\" data-parallax-style=\"bg_only\" data-bg-animation=\"none\" data-full-width=\"true\" class=\"nectar-slider-wrap \" id=\"nectar-slider-instance-1\"><div class=\"swiper-container\"  data-tho=\"auto\" data-tco=\"auto\" data-pho=\"auto\" data-pco=\"auto\" data-loop=\"false\" data-height=\"650\" data-min-height=\"\" data-arrows=\"false\" data-bullets=\"false\" data-bullet_style=\"see_through\" data-bullet_position=\"bottom\" data-desktop-swipe=\"false\" data-settings=\"\"> <div class=\"swiper-wrapper\"><div class=\"swiper-slide\" data-desktop-content-width=\"auto\" data-tablet-content-width=\"auto\" data-bg-alignment=\"center\" data-color-scheme=\"light\" data-x-pos=\"left\" data-y-pos=\"middle\" ><div class=\"slide-bg-wrap\"><div class=\"image-bg\" style=\"background-image: url(https:\/\/pompeachaleur-tpc91.fr\/wp-content\/uploads\/2025\/02\/FORMAT-PANORAMIQUE-min.png);\"> &nbsp; <\/div><\/div><div class=\"video-texture \"> <span class=\"ie-fix\"><\/span> <\/div><\/div> <!--\/swiper-slide--><\/div><div class=\"nectar-slider-loading \"> <span class=\"loading-icon none\">   <\/span> <\/div> <\/div> \r\n\t\t\t\t\t\r\n\t\t\t\t\t<\/div>[vc_column_text css=\u00a0\u00bb.vc_custom_1739290011312{padding-bottom: 10px !important;}\u00a0\u00bb]\n<h2><span style=\"color: #000000;\">Ballon thermodynamique<\/span><\/h2>\n[\/vc_column_text][divider line_type=\u00a0\u00bbSmall Line\u00a0\u00bb line_alignment=\u00a0\u00bbdefault\u00a0\u00bb line_thickness=\u00a0\u00bb3&Prime; divider_color=\u00a0\u00bbextra-color-1&Prime; animate=\u00a0\u00bbyes\u00a0\u00bb custom_height=\u00a0\u00bb30&Prime; custom_line_width=\u00a0\u00bb120&Prime; delay=\u00a0\u00bb100&Prime;][vc_column_text css=\u00a0\u00bb.vc_custom_1739288167235{margin-bottom: 30px !important;}\u00a0\u00bb]\n<h3><span style=\"color: #007bc4;\">Pourquoi choisir un ballon thermodynamique ?<\/span><\/h3>\n<p><span style=\"color: black;\"><br \/>\nLe\u00a0<strong>ballon<\/strong> <strong>thermodynamique<\/strong>\u00a0est un chauffe-eau innovant qui utilise une pompe \u00e0 chaleur pour chauffer l\u2019eau sanitaire. Il capte l\u2019\u00e9nergie pr\u00e9sente dans l\u2019air ambiant ou dans l\u2019air ext\u00e9rieur, m\u00eame en hiver, pour la transformer en chaleur et r\u00e9chauffer l\u2019eau de votre ballon. Ce syst\u00e8me est particuli\u00e8rement \u00e9conomique et \u00e9cologique, car il <strong>consomme<\/strong> <strong>tr\u00e8s<\/strong> <strong>peu<\/strong> <strong>d<\/strong><strong>\u2019<\/strong><strong>\u00e9nergie<\/strong> compar\u00e9 aux chauffe-eaux traditionnels \u00e9lectriques. Le ballon thermodynamique est id\u00e9al pour les foyers soucieux de <strong>r\u00e9duire<\/strong> <strong>leur<\/strong> <strong>empreinte<\/strong> <strong>carbone<\/strong> tout en b\u00e9n\u00e9ficiant d\u2019une eau chaude disponible \u00e0 tout moment et peut constituer une <strong>solution<\/strong> <strong>de<\/strong> <strong>chauffage<\/strong> <strong>d<\/strong><strong>&lsquo;<\/strong><strong>eau<\/strong> <strong>durable<\/strong> <strong>et<\/strong> <strong>performante<\/strong>.<\/span><\/p>\n<p><strong>\u00a0<\/strong><\/p>\n<p><span style=\"color: black;\"><strong>Faire appel \u00e0 un professionnel pour poser votre ballon thermodynamique<\/strong><br \/>\n<span style=\"color: black;\"><br \/>\nBien que l\u2019installation d\u2019un ballon thermodynamique soit accessible, elle n\u00e9cessite des comp\u00e9tences techniques en <strong>plomberie<\/strong> <strong>et<\/strong> <strong>\u00e9lectricit\u00e9<\/strong>. Il est fortement conseill\u00e9 de faire appel \u00e0 votre professionnel qualifi\u00e9 <strong>TPC 91<\/strong> pour le raccordement \u00e9lectrique et le fluide frigorig\u00e8ne, afin de garantir une installation conforme et s\u00e9curis\u00e9e.<\/span><\/span><\/p>\n<p><span style=\"color: black;\"><br \/>\nCertifi\u00e9e <strong>RGE<\/strong><strong>, <\/strong><strong>QualiPAC<\/strong> et <strong>PG<\/strong> <strong>Gaz<\/strong> <strong>installation et maintenance<\/strong>, <strong>TPC 91<\/strong> vous accompagne dans vos projets de r\u00e9novation \u00e9nerg\u00e9tique en vous garantissant l&rsquo;acc\u00e8s aux <strong>aides<\/strong> <strong>gouvernementales<\/strong>. Nous collaborons \u00e9galement avec des entreprises sp\u00e9cialis\u00e9es en <strong>r\u00e9novation<\/strong> <strong>\u00e9nerg\u00e9tique<\/strong> <strong>globale<\/strong> pour vous offrir des <strong>solutions<\/strong> <strong>compl\u00e8tes<\/strong> <strong>et<\/strong> <strong>performantes<\/strong>.<\/span>[\/vc_column_text][\/vc_column][\/vc_row]\n","protected":false},"excerpt":{"rendered":"<p>[vc_row type=\u00a0\u00bbfull_width_background\u00a0\u00bb full_screen_row_position=\u00a0\u00bbmiddle\u00a0\u00bb column_margin=\u00a0\u00bbdefault\u00a0\u00bb column_direction=\u00a0\u00bbdefault\u00a0\u00bb column_direction_tablet=\u00a0\u00bbdefault\u00a0\u00bb column_direction_phone=\u00a0\u00bbdefault\u00a0\u00bb scene_position=\u00a0\u00bbcenter\u00a0\u00bb top_padding=\u00a0\u00bb0%\u00a0\u00bb bottom_padding=\u00a0\u00bb0%\u00a0\u00bb text_color=\u00a0\u00bblight\u00a0\u00bb text_align=\u00a0\u00bbleft\u00a0\u00bb row_border_radius=\u00a0\u00bbnone\u00a0\u00bb row_border_radius_applies=\u00a0\u00bbbg\u00a0\u00bb overlay_strength=\u00a0\u00bb0.3&Prime; gradient_direction=\u00a0\u00bbleft_to_right\u00a0\u00bb shape_divider_position=\u00a0\u00bbbottom\u00a0\u00bb bg_image_animation=\u00a0\u00bbnone\u00a0\u00bb shape_type=\u00a0\u00bb\u00a0\u00bb][vc_column column_padding=\u00a0\u00bbno-extra-padding\u00a0\u00bb column_padding_tablet=\u00a0\u00bbinherit\u00a0\u00bb column_padding_phone=\u00a0\u00bbinherit\u00a0\u00bb column_padding_position=\u00a0\u00bball\u00a0\u00bb column_element_spacing=\u00a0\u00bbdefault\u00a0\u00bb background_color_opacity=\u00a0\u00bb1&Prime;&#8230;<\/p>\n","protected":false},"author":1,"featured_media":0,"parent":0,"menu_order":0,"comment_status":"closed","ping_status":"closed","template":"","meta":{"footnotes":""},"class_list":["post-6630","page","type-page","status-publish"],"_links":{"self":[{"href":"https:\/\/pompeachaleur-tpc91.fr\/index.php?rest_route=\/wp\/v2\/pages\/6630","targetHints":{"allow":["GET"]}}],"collection":[{"href":"https:\/\/pompeachaleur-tpc91.fr\/index.php?rest_route=\/wp\/v2\/pages"}],"about":[{"href":"https:\/\/pompeachaleur-tpc91.fr\/index.php?rest_route=\/wp\/v2\/types\/page"}],"author":[{"embeddable":true,"href":"https:\/\/pompeachaleur-tpc91.fr\/index.php?rest_route=\/wp\/v2\/users\/1"}],"replies":[{"embeddable":true,"href":"https:\/\/pompeachaleur-tpc91.fr\/index.php?rest_route=%2Fwp%2Fv2%2Fcomments&post=6630"}],"version-history":[{"count":10,"href":"https:\/\/pompeachaleur-tpc91.fr\/index.php?rest_route=\/wp\/v2\/pages\/6630\/revisions"}],"predecessor-version":[{"id":6738,"href":"https:\/\/pompeachaleur-tpc91.fr\/index.php?rest_route=\/wp\/v2\/pages\/6630\/revisions\/6738"}],"wp:attachment":[{"href":"https:\/\/pompeachaleur-tpc91.fr\/index.php?rest_route=%2Fwp%2Fv2%2Fmedia&parent=6630"}],"curies":[{"name":"wp","href":"https:\/\/api.w.org\/{rel}","templated":true}]}}